and 508.
127
Calculate the highest common divisor of 5530 and 30.
10
Calculate the highest common divisor of 40 and 158.
2
Calculate the highest common divisor of 448 and 128.
64
Calculate the highest common factor of 54 and 162.
54
What is the greatest common factor of 441 and 126?
63
Calculate the greatest common divisor of 174 and 56.
2
Calculate the highest common factor of 250 and 910.
10
What is the highest common divisor of 265 and 2279?
53
What is the greatest common divisor of 60 and 384?
12
What is the highest common divisor of 154 and 98?
14
What is the greatest common divisor of 22 and 550?
22
Calculate the highest common factor of 184 and 115.
23
Calculate the greatest common divisor of 854 and 630.
14
What is the greatest common divisor of 1216 and 76?
76
Calculate the highest common divisor of 171 and 4617.
171
Calculate the highest common factor of 170 and 35.
5
Calculate the greatest common factor of 182 and 52.
26
Calculate the highest common factor of 5 and 5.
5
What is the highest common divisor of 70 and 3430?
70
What is the highest common divisor of 31 and 2356?
31
What is the highest common factor of 6 and 12786?
6
Calculate the highest common divisor of 2013 and 9.
3
Calculate the greatest common divisor of 910 and 14.
14
Calculate the highest common divisor of 593 and 1.
1
Calculate the highest common factor of 3315 and 15.
15
What is the highest common divisor of 3084 and 120?
12
Calculate the greatest common factor of 1435 and 7.
7
Calculate the highest common divisor of 62608 and 91.
91
Calculate the greatest common divisor of 756 and 63.
63
What is the highest common divisor of 4029 and 1264?
79
Calculate the highest common divisor of 26 and 182.
26
What is the greatest common divisor of 14256 and 176?
176
What is the highest common factor of 189 and 8640?
27
Calculate the greatest common factor of 1 and 53.
1
What is the greatest common factor of 7812 and 14?
14
Calculate the highest common factor of 176 and 121.
11
Calculate the greatest common divisor of 48 and 160.
16
What is the greatest common divisor of 194 and 8924?
194
What is the greatest common factor of 10414 and 41?
41
Calculate the greatest common divisor of 2700 and 200.
100
Calculate the highest common divisor of 1176 and 42.
42
Calculate the greatest common factor of 4010 and 10.
10
What is the greatest common divisor of 248 and 93?
31
What is the highest common divisor of 4 and 548?
4
What is the highest common factor of 39 and 6?
3
What is the highest common factor of 53 and 2279?
53
What is the greatest common factor of 27 and 108?
27
What is the highest common factor of 78 and 429?
39
What is the highest common divisor of 27 and 288?
9
What is the greatest common factor of 72 and 162?
18
Calculate the greatest common factor of 22160 and 480.
80
What is the highest common factor of 42 and 15162?
42
What is the greatest common factor of 13026 and 156?
78
What is the highest common divisor of 49 and 288?
1
What is the highest common factor of 1479 and 6?
3
What is the highest common divisor of 66 and 9658?
22
What is the greatest common divisor of 7 and 7?
7
What is the greatest common divisor of 1247 and 87?
29
What is the greatest common factor of 984 and 123?
123
Calculate the highest common factor of 340 and 2924.
68
Calculate the greatest common divisor of 80 and 416.
16
What is the greatest common factor of 108 and 4?
4
Calculate the highest common factor of 135 and 165.
15
Calculate the greatest common factor of 14 and 25697.
7
Calculate the highest common divisor of 58 and 1073.
29
Calculate the highest common factor of 104 and 260.
52
What is the highest common factor of 121 and 12947?
121
Calculate the greatest common divisor of 4 and 4.
4
What is the highest common factor of 84 and 238?
14
What is the greatest common factor of 100 and 3610?
10
Calculate the highest common factor of 168 and 57624.
168
Calculate the highest common divisor of 546 and 78.
78
What is the greatest common divisor of 1442 and 14?
14
What is the highest common divisor of 1340 and 40?
20
What is the greatest common factor of 44 and 1078?
22
Calculate the highest common factor of 58 and 4.
2
Calculate the highest common factor of 52 and 10582.
26
Calculate the highest common factor of 90 and 11790.
90
Calculate the greatest common factor of 6 and 24.
6
What is the greatest common factor of 1421 and 77?
7
What is the highest common factor of 286 and 104?
26
What is the greatest common divisor of 16 and 202736?
16
What is the highest common factor of 1950 and 78?
78
What is the highest common factor of 931 and 19?
19
Calculate the greatest common divisor of 270 and 4635.
45
Calculate the highest common divisor of 8 and 26.
2
What is the highest common divisor of 322 and 1792?
14
Calculate the greatest common divisor of 2070 and 23.
23
Calculate the greatest common divisor of 7 and 35.
7
What is the greatest common divisor of 11 and 28787?
11
What is the greatest common divisor of 1340 and 12?
4
Calculate the greatest common divisor of 138 and 598.
46
What is the highest common factor of 4816 and 56?
56
Calculate the greatest common factor of 9 and 3771.
9
Calculate the greatest common divisor of 1719 and 7831.
191
What is the highest common factor of 27 and 3618?
27
Calculate the highest common divisor of 2016 and 128.
32
What is the highest common factor of 5846 and 158?
158
Calculate the highest common divisor of 15 and 435.
15
What is the highest common divisor of 268 and 2278?
134
What is the highest common factor of 687 and 16717?
229
What is the highest common divisor of 1448 and 168?
8
What is the greatest common divisor of 1280 and 50?
10
Calculate the highest common divisor of 5723 and 291.
97
What is the greatest common factor of 4550 and 65?
65
Calculate the greatest common factor of 141 and 94.
47
Calculate the greatest common factor of 1260 and 770.
70
What is the highest common factor of 186 and 2542?
62
What is the highest common divisor of 55 and 3295?
5
Calculate the greatest common factor of 20 and 170.
10
What is the highest common divisor of 4 and 382?
2
Calculate the highest common factor of 744 and 48.
24
Calculate the greatest common factor of 2355 and 15.
15
Calculate the greatest common factor of 2175 and 525.
75
What is the greatest common divisor of 228 and 108?
12
What is the greatest common factor of 101 and 4141?
101
What is the greatest common factor of 141 and 752?
47
What is the greatest common factor of 152 and 874?
38
What is the greatest common factor of 14363 and 271?
271
Calculate the greatest common divisor of 11 and 44.
11
What is the greatest common divisor of 88 and 220?
44
What is the highest common divisor of 66 and 143?
11
What is the greatest common factor of 2160 and 54?
54
What is the greatest common factor of 30 and 110?
10
Calculate the greatest common divisor of 385 and 60.
5
Calculate the highest common factor of 20 and 5.
5
What is the greatest common factor of 7 and 32?
1
Calculate the highest common divisor of 1212 and 24.
12
Calculate the highest common divisor of 22 and 15598.
22
What is the greatest common divisor of 1305 and 585?
45
Calculate the highest common factor of 1548 and 684.
36
Calculate the greatest common divisor of 3159 and 648.
81
What is the highest common divisor of 1992 and 1079?
83
What is the greatest common divisor of 10 and 158230?
10
Calculate the greatest common divisor of 5132 and 4.
4
Calculate the greatest common factor of 9144 and 360.
72
Calculate the highest common factor of 144 and 2376.
72
What is the highest common factor of 108 and 72?
36
What is the greatest common factor of 92 and 6?
2
Calculate the greatest common factor of 10 and 1130.
10
Calculate the greatest common factor of 338 and 806.
26
Calculate the greatest common factor of 65 and 715.
65
What is the highest common factor of 161 and 28?
7
Calculate the highest common factor of 91 and 4160.
13
What is the highest common divisor of 2770 and 250?
10
What is the greatest common divisor of 20 and 490?
10
What is the greatest common divisor of 180 and 207?
9
What is the greatest common divisor of 273 and 21?
21
What is the highest common factor of 16 and 26?
2
What is the highest common divisor of 3445 and 20?
5
W